2
7 - (0 - (-4 - 0)) - 1
2
(0 + 1 - 1) + -5
-5
What is the value of 6 + (-6 + 7 - -4 - 10)?
1
-4 - (5 - (2 - 3)) - -2
-8
What is the value of -3 + 9 + 4 + -6?
4
What is (-23 - (-5 + -7)) + 7?
-4
What is (-12 - -16) + 2 + -1 + -2?
3
(4 - 9) + (7 - 2) + -4
-4
Calculate (3 - -1) + (-12 + 7 - 1).
-2
What is -10 + -5 + -2 + 10?
-7
What is -7 + -2 + 1 + 6 + -2?
-4
Calculate (4 - (3 + 3 + 0)) + -3.
-5
Calculate 9 + 0 - (-12 - -19).
2
-9 + (4 + -10 - -13)
-2
Evaluate 0 - ((-1 - (-3 + 1)) + 2).
-3
Calculate (3 + 1 + -5 - -1) + 3.
3
Evaluate 14 - 11 - (2 - 0).
1
What is 1 + (-2 + 1 - 1) - 1?
-2
What is (-9 - -5) + 6 + 1 + 2?
5
Calculate 6 - 4 - 5 - (0 + -8).
5
Calculate 5 - 7 - (0 - 0) - 3.
-5
14 + -14 - (-6 + (-2 - -4))
4
What is -10 + 13 + -10 - -3?
-4
Calculate -2 + (1 - (3 - 5)).
1
What is the value of (-4 - (2 - (3 + 5))) + -9?
-7
Evaluate -3 + 6 + -8 + (-7 - -6).
-6
What is 17 + (-1 - 4 - 4)?
8
9 + 9 + -20 + -3 + 2
-3
What is the value of 0 + 1 + 3 - (6 - 0)?
-2
What is 4 + -8 - (-4 + 3) - 3?
-6
(8 - 3) + (-23 - -27)
9
What is the value of 5 + (3 - 13) - (2 + 1)?
-8
-14 - (0 + (13 - 21))
-6
What is 0 - (1 + -3 - (10 - 12))?
0
What is -6 + 10 + 0 - -2?
6
What is the value of -8 + 2 + (-23 - -31)?
2
Evaluate 1 + (2 + -3 - 0) - 0.
0
What is 4 - -7 - (11 + -6)?
6
What is -6 - (-8 - -11 - 13)?
4
What is -4 + 7 - (6 + -5)?
2
-13 + (4 - -10) + -7 + 0
-6
What is 0 + 1 + -6 - -2?
-3
-1 - -1 - -5 - (15 + -12)
2
-1 + 1 - (8 + -9 - -2)
-1
-3 + 4 - -1 - -3
5
What is the value of -2 + 8 + (-10 - (-6 - -3))?
-1
(-17 - -23) + -1 + 0 - 1
4
0 - (-4 - (-2 + -5))
-3
What is the value of (13 + -3 - -5) + -8?
7
What is 3 - (11 + -5 + (5 - 10))?
2
Evaluate (-44 + 33 - (-6 + -1)) + 10.
6
Calculate 7 - ((1 - 5) + (-41 - -47)).
5
What is the value of (5 - 3 - 3) + 5 + -2?
2
13 + -5 + -5 + 2
5
Calculate (-10 - (-4 + -1)) + -2 + 5.
-2
Evaluate -4 + -7 - (-11 - -10).
-10
What is -12 + 20 + -11 + (0 - -5)?
2
Calculate -46 + 37 - (-5 - -2).
-6
What is 6 + -4 + 7 + -7?
2
Calculate -3 - 6 - (-7 - -3).
-5
Calculate (7 - (-1 - -2)) + -7.
-1
Calculate (4 - (3 - -2) - -3) + -3.
-1
Calculate 2 - -1 - (11 - (-1 + 0)).
-9
(10 - 20) + 11 + -2
-1
Evaluate (-8 - -8) + -8 + 5.
-3
What is 0 + -1 - (6 - -2 - 6)?
-3
Calculate 26 - 37 - (1 + -6).
-6
Evaluate (11 - 6 - 7) + -2 + 1.
-3
What is 25 + -18 + -14 + (1 - -6)?
0
What is 6 - 16 - (8 + -17)?
-1
Evaluate 1 - (4 + -4) - 2.
-1
Evaluate 5 - (9 - (3 + -3)).
-4
What is the value of 14 + -11 + (-1 - -2)?
4
11 + -11 - -9 - 1
8
Evaluate (1 - (-17 - -18)) + 6 + 1.
7
What is the value of (-19 - -30 - 15) + 13 + 1?
10
Evaluate 0 + -11 + (-82 - -91).
-2
-4 + (-1 - (5 - 3)) - -7
0
What is the value of (1 - 3) + (2 - (0 + 1))?
-1
What is the value of 1 + -1 - 0 - -2?
2
What is -2 - (0 - 1 - -1 - 3)?
1
Calculate 2 + -4 + (-7 - (-13 + 7)).
-3
0 - 0 - 2 - -3
1
Evaluate (2 - 0) + 0 + -1 - 3.
-2
0 + 3 + 0 + -5 + 5
3
Calculate -17 - -6 - (-17 + 4).
2
(2 - 6) + (7 - 2)
1
What is 9 + -6 - (-1 + 5)?
-1
Calculate -3 + (10 + -33 - -15).
-11
Calculate 9 + -7 + 0 + 0 + 0.
2
What is the value of -5 + (0 - -7) + (-89 - -91)?
4
Calculate 2 + -4 + 1 + (-4 - -7).
2
What is -3 + -3 + 4 - (1 - 6)?
3
Evaluate 0 + (-3 - (1 + -7)).
3
What is the value of (0 - 0) + -33 + 35?
2
Evaluate 5 + -2 - (5 - 2).
0
Evaluate (12 - (3 + -1)) + -5.
5
0 + 0 + 4 - (11 - 10)
3
Calculate (12 + -5 + -1 - -7) + -7.
6
What is 1 - 6 - (4 + -14 + 8)?
-3
(3 - -3) + -3 + -5
-2
Evaluate (-6 - (4 + -8)) + (4 - 1).
1
What is 3 - (7 - ((-4 - 0) + 8))?
0
Evaluate 4 + 10 + -2 + 28 + -29.
11
Calculate -4 - (1 + -6 - 3).
4
What is (-3 - 1 - (-7 + 2)) + 2?
3
Calculate 2 - (-5 + (5 - 1) + -2).
5
72 - 70 - (-3 + 0)
5
Calculate 7 + (7 - 7) + -5.
2
What is -1 + (-3 - (4 + (-8 - -4)))?
-4
1 - (-9 + (6 - -9))
-5
Calculate 1 - (-3 + -5 + 5).
4
What is 1 + 15 - (-40 - -52)?
4
9 + (3 - -3) + -12 - 5
-2
Calculate -3 - -2 - (3 + -4 + 3).
-3
What is 3 + -1 - ((-3 - -8) + -4)?
1
Calculate (-4 - -1 - 3) + 7.
1
What is (-15 - -9) + 7 + -8?
-7
Evaluate -3 + -1 - (-14 - -16).
-6
What is the value of -1 - (-3 - (-5 - 2))?
-5
1 - -4 - (11 - 13 - -12)
-5
-1 + (-4 + 8 - 4) - -6
5
What is (-1 - 1 - 0 - 0) + -2?
-4
Calculate 1 + 2 - (-4 + 2 - -3).
2
What is the value of 6 - 10 - 3 - -4?
-3
(-3 - (-3 + -2)) + 2
4
-3 + 8 + (-4 - -5 - 2)
4
(-1 + 3 - (11 + -2)) + 6
-1
What is the value of -2 - 4 - (-4 + 2 + 0)?
-4
Calculate 12 + 1 + -6 + -2 + -7.
-2
Evaluate 2 - 0 - (4 + -4 + -1).
3
What is 6 + -9 - (0 - (-8 - -6))?
-5
Calculate 0 - (5 + -9 + -1).
5
Calculate -12 - ((-6 - -7) + -17).
4
-9 - ((-6 - -3) + 0) - -1
-5
Calculate 1 - (-2 - 2) - 4 - 5.
-4
(-8 + 19 - (-1 + 4)) + -9
-1
What is 17 - ((19 - 4) + -4)?
6
(26 - 29) + -5 + 2 - 3
-9
Calculate -10 + (-2 - -4) - -4.
-4
5 + -4 - (8 + -15 + 1)
7
Calculate 5 - 5 - (2 + 0).
-2
What is the value of 4 - -3 - (10 - 8)?
5
-3 + (4 - 6) - -6
1
What is the value of (-20 - -22 - (-7 + 2)) + -5?
2
What is (-1 - 1) + 5 + -2 - -4?
5
What is the value of 4 + (-6 - -2) + 3 - 1?
2
-3 - ((-5 - (-5 + 2)) + 1)
-2
Evaluate -8 + 7 - (2 - (1 - 2)).
-4
What is the value of (4 - (15 - 9) - -6) + -11?
-7
What is -10 - (1 - 8) - 4?
-7
11 + (-1 - 2) + -7
1
What is the value of 1 + 0 + -1 + -105 + 106?
1
Calculate 6 + 4 + 0 + -7.
3
What is (0 - -3 - (-7 - -26)) + 7?
-9
Calculate -1 - ((1 - (-2 + 0)) + -3).
-1
Calculate 7 + 3 - (28 - 12).
-6
Evaluate 5 + -8 + 1 + 2.
0
What is the value of -12 + 4 + 13 + -1 + 0?
4
Evaluate -6 + -3 - (1 + -4).
-6
Calculate (-4 - 0 - 10) + 6.
-8
What is the value of 5 - (2 - -6) - 0?
-3
Evaluate (-8 - -6) + (1 - -4).
3
What is the value of 2 + 18 + -11 + (-4 - -1)?
6
Calculate -10 - -17 - (5 - 5).
7
Calculate -6 - (-6 + 1 + 1 + -1).
-1
What is -10 + 4 - (7 + -18)?
5
Calculate (6 - (-2 - 0)) + -4 - 3.
1
Evaluate -6 + -1 + 5 + 7 - 5.
0
Evaluate (4 + -6 + -2 - -13) + -4.
5
What is -2 + (-3 - (-15 - -5))?
5
What is (3 - (-7 - -4)) + 0?
6
Calculate 3 - -2 - (-33 - -32).
6
Calculate -4 + -1 + -6 + 3 + 6.
-2
Calculate (1 + 1 + -1 - -2) + 1.
4
Calculate -5 + 4 + 0 + (2 - -1).
2
What is the value of -1 + -2 + 4 + -1 + -3?
-3
What is -2 - (1 + 5 - (-15 + 20))?
-3
Evaluate 16 + (0 - 5) + -20.
-9
What is 0 + -1 + -20 + 13 + 17?
9
Evaluate (-1 - -12) + (-23 - -20).
8
What is the value of -8 + 1 + -1 + 0?
-8
Evaluate -8 + 4 - -2 - (-8 + -3).
9
Calculate 9 - (6 - -6) - 1.
-4
3 - 1 - (-6 - -8)
0
Evaluate -3 + 1 - -5 - 3.
0
What is 1 + (2 - (3 - 2)) + -2?
0
3 - 2 - (-5 + 10 + -8)
4
What is the value of 1 - 2 - (-12 - -10)?
1
Evaluate (1 - 1 - -5) + -3.
2
What is -11 + 5 + -1 - (-2 - 2)?
-3
-1 + 1 + (14 - 18) + 3
-1
What is 4 + -2 - (-58 + 60)?
0
Evaluate -1 - (10 + -6 + -2).
-3
-1 + 5 + 1 - 1
4
Evaluate 2 + -8 - -1 - (-25 - -19).
1
Evaluate 0 + 2 - (3 + 13 - 17).
3
Calculate (10 - 23) + 10 + 7.
4
Calculate -4 + 1 - (-4 - -8).
-7
(18 - 16) + -2 + -2 + -2
-4
What is the value of (0 + 4 - -4) + -5 + 6?
9
Evaluate -29 - -32 - (4 + -1).
0
What is -8 + (4 - 6 - -5)?
-5
-13 - -10 - (-7 + 4)
0
Evaluate -1 - (0 + -1) - -1.
1
What is the value of -3 + 9 - (1 + 4)?
1
Evaluate (-1 - (3 - 4) - 3) + 1.
-2
Evaluate -3 - ((0 - 0) + (-19 - -16)).
0
What is the value of -8 + 11 - (1 + -3)?
5
What is the value of 1 + 1 + 4 + (1 - 4)?
3
9 + (-5 - 10) + 10
4
What is the value of (3 - 10) + 19 + -4 + -13?
-5
What is the value of 4 + (-5 - -7 - 3)?
3
0 - (-16 - -11) - 0
5
What is 8 - (-8 - (-5 + -5))?
6
-1 + 13 + (34 - 33) - 5
8
What is the value of (1 - (-2 + 4)) + 0?
-1
Calculate -1 - 7 - (-10 - 2).
4
What is -24 + 14 + 16 - (8 - 1)?
-1
What is the value of (1 - (7 - -2)) + (-183 - -200)?
9
Evaluate 5 + -4 + (0 + -3 - 0).
-2
Calculate (5 + -2 - 2) + -3 + -3.
-5
Calculate 6 + -14 - -4 - 0.
-4
Calculate -9 + -1 - -5 - (5 - 16).
6
What is the value of 4 + (5 - 11) + 5 + 0?
3
(2 - 0 - 4) + -2 + 2
-2
3 - (1 + -7 + 4)
5
What is the value of -4 + 6 + 1 + 0?
3
Calculate -1 + (5 - (19 + -5)) - -5.
-5
What is 1 - (-18 + 14 - (0 + -9))?
-4
What is -1 - 0 - (5 + -6 - -1)?
-1
What is -2 + 0 - 2 - (-36 + 36)?
-4
Evaluate (-10 - (-2 - -7)) + 9.
-6
Calculate (-11 - -9) + 4 + (3 - -1).
6
What is the value of (-2 - -5 - -3) + -10?
-4
Evaluate -1 + 3 + (-2 - 3).
-3
Calculate 2 + 1 + -6 + 2 - -2.
1
What is the value of 2 + 1 + (-4 - -3 - 5)?
-3
Calculate -19 + (17 - -4) + (0 - -6).
8
Calculate (-1 - 3 - -1) + 2.
-1
What is -5 + 1 + (2 + -